 = 3*a**2 - 15*a + 17. Let b(k) = -4*k**2 + 15*k - 15. Let v(s) = 2*b(s) + 3*g(s). What is the tens digit of v(20)?
2
Let i = -44 + 23. Let j be -46*(6/(-14))/((-6)/i). Suppose j = -9*w + 12*w. What is the units digit of w?
3
Let r(h) = 31*h + 97. Let g(q) = -60*q - 192. Let s(a) = -2*g(a) - 5*r(a). What is the hundreds digit of s(-16)?
4
Let i(z) = -z**3 - 4*z**2 + 4*z + 6. Let u be i(-4). Let v = u - -12. Suppose -8*s + v = -6. What is the units digit of s?
1
Let t(p) = -p**3 + 12*p**2 - 3*p - 4. Let f = -98 + 102. Let v(y) = y**3 - 12*y**2 + 3*y + 3. Let m(d) = f*v(d) + 5*t(d). What is the hundreds digit of m(6)?
1
Let x(m) = m**3 + 10*m**2 + 4*m + 6. Let h be ((-16)/(-20))/(10/675). Let v be (3/(-2))/(9/h). What is the tens digit of x(v)?
5
Let b be (0/(72/(-6)))/(6 - 1). Suppose -5*i = -n + 98, b = -2*n + 18*i - 23*i + 196. What is the tens digit of n?
9
Suppose 30*v - 184073 - 64837 = 0. Suppose -2*r + 2*b = -3326, 8*r + b - v = 3*r. What is the units digit of r?
0
Suppose j = -0*j + 3*n - 12, -3*n + 12 = -4*j. Let v(d) = 11*d**3 + 8*d**2 - 3*d - 6. Let q be v(5). Suppose j = 8*x + 6*x - q. What is the tens digit of x?
1
Suppose 2*f = -5*k + 836, -6*k + k = -3*f - 846. Let b be 8168/248 - 8/(-124). What is the units digit of (b/(-2))/11*k/(-2)?
6
Let t(o) = -o**3 - 13*o**2 + 39*o + 20. Let f be t(-17). What is the tens digit of (-15)/140*4 - f/(-21)?
2
What is the thousands digit of ((-70110)/(-35) + -6)/(2 + 54/(-28))?
7
Let y(z) = 4*z**2 + 3*z - 11. Suppose -44 = -6*q - 2. Let x be (2 - 7) + q - -2. What is the tens digit of y(x)?
6
Let q(g) = -38*g + 26. Let f(t) = -4*t**2 + t + 2. Let h be f(2). What is the hundreds digit of q(h)?
4
Let s = 36 - -10. Let a = s - 121. Let x = a + 182. What is the hundreds digit of x?
1
Suppose k - 10 = -k. Suppose 47 = 5*t + 3*b + 1, 42 = 5*t + b. Suppose 6*n - q - 9 = k*n, t = 2*q. What is the tens digit of n?
1
Let r = 49 + -43. Suppose r*a = 4*a + 1156. Suppose -4*z + 436 = 4*h, -h - 25 = 5*z - a. What is the tens digit of z?
1
Let f(b) = -2*b + 41. Let v be f(16). Suppose v*y = y + 304. Let t = y - -21. What is the units digit of t?
9
Suppose 14*j - 2*j - 744 = 0. What is the hundreds digit of -2 - -9 - -3*j?
1
What is the units digit of 1194/(-597) - ((-2)/(-2) + -22887)?
4
Suppose -121*i + 62*i + 53*i = -78978. What is the ten thousands digit of i?
1
Let t be 0 - 6 - -5 - 60. Let n = t - -68. Suppose n*p = -0*p + 1484. What is the units digit of p?
2
What is the thousands digit of (-330060)/(-76) - (-6)/342*(-3 + 9)?
4
Let h(d) = -2*d**2 + 11*d - 6. Let y(t) = 2*t**2 - 12*t + 7. Let i(a) = 3*h(a) + 2*y(a). Let k be i(7). What is the tens digit of 520/k*(-12)/5?
3
Let z be 6/21 - (-4 - (-18915)/(-21)). Suppose z = 10*t - 1555. What is the units digit of t?
6
Let y(p) = 2*p + 62 - 14*p + 150. What is the hundreds digit of y(-10)?
3
Suppose 0 = 3*t + u - 23151, 0 = 5*t - 33*u + 30*u - 38613. What is the tens digit of t?
1
What is the units digit of (-936 + 11)/((-2)/10)?
5
Suppose 6 = s, -v + 4*s + 18606 - 5069 = 0. What is the tens digit of v?
6
Let p(c) = 92*c - 12. Let z = 1 + 4. Let k be p(z). Suppose 12*w = 14*w - k. What is the hundreds digit of w?
2
Let a = 48442 - 30943. What is the tens digit of a?
9
Let l = 132 + -7. Suppose -l*v + 127*v - 752 = 0. What is the units digit of v?
6
Suppose -480 = 22*s - 7*s. Let l = s + 45. Suppose l*b - 11*b = 100. What is the units digit of b?
0
Let v(d) = -105*d - 2. Let s(z) = 31*z**2 - 2*z - 2. Let l be s(-1). Let i = l + -32. What is the tens digit of v(i)?
0
Let p(c) be the second derivative of 28*c**3/3 - 26*c**2 - 72*c. What is the hundreds digit of p(10)?
5
Let c = -16252 + 27652. What is the units digit of c?
0
Let v(t) be the first derivative of 28*t**3/3 - t**2 - 11*t - 40. What is the units digit of v(4)?
9
Let n = 63 + -81. Let b be (-5)/(-2) + (-9)/n. Suppose -b*z - 5*o = -24 - 421, 720 = 5*z + 4*o. What is the hundreds digit of z?
1
Let r(m) = m**2 + 12*m - 26. What is the hundreds digit of r(-37)?
8
Suppose 0*r = 4*r - 40. Suppose -6*n - 4 - 8 = 0. What is the tens digit of 15/r*(n - -18)?
2
Let r(m) = m**3 - 28*m**2 - m + 35. Let y be r(28). What is the tens digit of (-35432)/(-56) - (0 - 2/y)?
3
Let z = -47 - -51. Suppose -z*r - 110 = -5*r. What is the tens digit of (-1 + 4)/((-5)/r*-2)?
3
Let s = -374 + 184. Let p = 389 + s. What is the units digit of p?
9
Suppose 0 = -4*i - 5*o + 18, -6 = -0*i - 5*i + 2*o. What is the units digit of 531/(-27)*-6 + i + 1?
1
Suppose -59*l = -66*l + 21. Suppose 3*n + 2*m = 1178, -l*n + 1639 = -m + 473. What is the hundreds digit of n?
3
Let q(m) = 9*m**3 - 22*m**2 - 17*m + 21. Let y(a) = 2*a**3 - a. Let w(h) = q(h) - 4*y(h). What is the hundreds digit of w(23)?
2
Let a(x) = 79*x**2 + 2*x - 3. Let p = -5 - -18. Suppose v = -12 + p. What is the units digit of a(v)?
8
Let x = -50 - -60. Suppose 3*a = x*a - 84. What is the units digit of -1*((-8)/a)/(6/657)?
3
Let o be 57 - -643 - ((1 - 2) + 2). Let h = -229 + o. What is the hundreds digit of h?
4
Suppose 5*p + 2 = 62. Let v be p/((-5)/56 + 3/(-24)). Let j = 159 + v. What is the units digit of j?
3
Suppose 2*i = -2*s - 7395 + 52993, 0 = 5*s - 2*i - 114030. What is the thousands digit of s?
2
Let f = -21 - -7. Let b(p) = p**3 + 16*p**2 + 27*p - 14. Let m be b(f). Suppose m = 4*q - 264 - 88. What is the tens digit of q?
8
Let m be (-17 + 5)*(1 + 0 + 1). Let x = m - -24. Suppose x = 13*w - 8*w - 415. What is the units digit of w?
3
Let j(t) = -t**3 - 18*t**2 - 20*t - 51. Let i be j(-17). Suppose 2*q = 5*s - 3855, i*s = -3*s - 3*q + 2334. What is the units digit of s?
3
Let n(z) = 36*z**2 - 277*z - 40. What is the tens digit of n(23)?
3
Suppose 49272 = 54*s - 60672. What is the thousands digit of s?
2
Suppose 0 = -3*c - j + 244, -35 = -c - 4*j + 50. Let a = 85 - c. Suppose 22 = a*w + 7*w. What is the units digit of w?
2
Suppose -68*v + 168872 - 21448 = 0. What is the hundreds digit of v?
1
Suppose 4*l - 3*x - 14153 = 0, -2*l = -12*x + 9*x - 7081. Let y = l + -2073. What is the units digit of y?
3
Let j(k) = -k**2 + 10*k - 18. Let w be j(6). Suppose -2*i = o - 0*o - w, 0 = 4*i - 4*o. What is the tens digit of (-7 + 5)/(i + 120/(-58))?
2
Suppose -598 = o + 5*u, 5*o + 3102 = -5*u + 8*u. Let w = o - -953. What is the units digit of w?
5
Suppose 5*x - 471 = 1129. Suppose 4 = 4*j - 4*w, j + 30*w = 28*w + 7. Suppose 0 = -j*f + 8*f - x. What is the units digit of f?
4
Let c(i) = 457*i**2 + 71*i - 269. What is the hundreds digit of c(4)?
3
Let j be 36/12 - (-2)/((-8)/36). What is the thousands digit of -6 + (j - (-1171 + 0))?
1
Suppose 86320 = 5*l - 106766 - 70754. What is the units digit of l?
8
Suppose 36*j - 174650 - 130846 = 0. What is the tens digit of j?
8
Suppose -5*r - 652*b + 654*b + 266461 = 0, -2*b = r - 53285. What is the units digit of r?
1
Let k = -21034 + 41571. What is the tens digit of k?
3
Let f = -6129 - -49962. What is the thousands digit of f?
3
Suppose 66*m - 61*m + 720 = 0. Let o = 29 + m. Let z = 243 + o. What is the hundreds digit of z?
1
Suppose 2*d = -625*a + 620*a + 34288, 2*d = -a + 6864. What is the thousands digit of a?
6
Let t be 0 + 11 + 6/(9/(-3)). Let s = 36 - 18. Suppose 981 = t*d + s. What is the tens digit of d?
0
Suppose 3*g + 2*k = 116, 4*g + 7*k = 5*k + 158. What is the thousands digit of ((-750)/g - -5)*-140?
1
Let l be ((4 - 16)/(-1))/(0 - 2). What is the hundreds digit of ((-1446)/l)/((-7)/(-21))?
7
Suppose 5*v - 2*s - 14 = -s, 4*s = 5*v - 11. Let g(y) = y**v + 7 - 2*y**3 - 19*y - 6*y**2 + 14*y. What is the tens digit of g(-6)?
3
Let h = 450 - 164. Let t = h - 124. Let j = t + -31. What is the tens digit of j?
3
Let h(n) = -27*n**3 + 80*n**2 + 693*n - 57. What is the thousands digit of h(-11)?
7
Let u = -1948 - -12979. What is the units digit of u?
1
Let v be (54/81)/(2/33). Let i(h) = -42 - 43*h**2 + v*h + 23*h**2 + 21*h**2. What is the hundreds digit of i(-21)?
1
Suppose -494*y = -499*y + 4*r + 77198, y - 2*r - 15442 = 0. What is the units digit of y?
8
Let p(b) = -17*b**3 + 40*b**2 + 326*b - 9. What is the units digit of p(-8)?
7
Let f = 20 - -1. Suppose -f*n + 7956 = -4*n. What is the units digit of n?
8
Let z(y) = 19*y**2 + y + 6. Let u be z(-2). Suppose -52*a + 58*a - 102 = 0. Let b = u - a. What is the units digit of